{"id":2278,"date":"2018-04-21T22:53:36","date_gmt":"2018-04-21T20:53:36","guid":{"rendered":"http:\/\/thierry-bonnaudet.com\/?page_id=2278"},"modified":"2021-07-04T11:03:51","modified_gmt":"2021-07-04T09:03:51","slug":"stagesmap","status":"publish","type":"page","link":"https:\/\/thierry-bonnaudet.com\/?page_id=2278","title":{"rendered":"Stages"},"content":{"rendered":"\n<h2><h2 class=\"section-title \"><\/h2><\/h2>\n\n\n\n<h2 class=\"has-text-align-center\"><strong>Sublimez vos photos<\/strong><\/h2>\n\n\n\n<h2 class=\"has-text-align-center\">Nouveaut\u00e9 2021<\/h2>\n\n\n\n<p class=\"has-text-align-center\">Dur\u00e9e: 7 heures<\/p>\n\n\n\n<p>samedi 25 septembre 2021 &#8211; 9h\/17h<\/p>\n\n\n\n<p>Le stage :<br>Stage de perfectionnement, pour les personnes qui connaissent d\u00e9j\u00e0 les bases de la photographie et qui ont pass\u00e9 le cap du mode automatique.<br>Cette journ\u00e9e peut tout \u00e0 fait \u00eatre suivie \u00e0 la suite de celle du 3 juillet.<br><br>Le matin, 9h\/12h30:&nbsp; balade photo nature. Rappel de notions de base si n\u00e9cessaire puis apport de notions plus avanc\u00e9es, en termes de technique photographique mais aussi de composition.<br>L\u2019apr\u00e8s-midi, 13h30\/17h:&nbsp; critique photo prises le matin et atelier post-traitement, en salle.<\/p>\n\n\n\n<p><br>Tarif : 50\u20ac\/personne<br>10 personnes maximum<br><br>Condition : Etre possesseur d\u2019un appareil type r\u00e9flex ou hybride, d\u2019un ordinateur portable avec le logiciel Lightroom install\u00e9 (version d\u2019essai 6 jours disponible sur&nbsp;<a href=\"https:\/\/www.adobe.com\/fr\/products\/photoshop-lightroom-classic.html\" target=\"_blank\" rel=\"noreferrer noopener\">https:\/\/www.adobe.com\/fr\/products\/photoshop-lightroom-classic.html<\/a><\/p>\n\n\n\n<p><strong>Pour plus d&rsquo;informations ou pour vous inscrire<\/strong><\/p>\n\n\n\n<p><strong>Envoyez un mail \u00e0\u00a0<a href=\"mailto:stagephotomoncoutant@gmail.com\">stagephotomoncoutant@gmail.com<\/a><\/strong><\/p>\n\n\n\n<h2><h2 class=\"section-title \"><\/h2><\/h2>\n\n\n\n<h2 class=\"has-text-align-center\"><strong>M<\/strong>a\u00eetriser son <strong>A<\/strong>ppareil <strong>P<\/strong>hoto &#8211; Festivals<\/h2>\n\n\n\n<p class=\"has-text-align-center\">Dur\u00e9e: 7 heures<\/p>\n\n\n\n<h2><h2 class=\"section-title \"><\/h2><\/h2>\n\n\n\n<div class=\"wp-block-image\"><figure class=\"aligncenter\"><img loading=\"lazy\" width=\"519\" height=\"804\" src=\"https:\/\/thierry-bonnaudet.com\/wp-content\/uploads\/2021\/07\/image.jpg\" alt=\"\" class=\"wp-image-3229\" srcset=\"https:\/\/thierry-bonnaudet.com\/wp-content\/uploads\/2021\/07\/image.jpg 519w, https:\/\/thierry-bonnaudet.com\/wp-content\/uploads\/2021\/07\/image-194x300.jpg 194w, https:\/\/thierry-bonnaudet.com\/wp-content\/uploads\/2021\/07\/image-258x400.jpg 258w, https:\/\/thierry-bonnaudet.com\/wp-content\/uploads\/2021\/07\/image-300x465.jpg 300w\" sizes=\"(max-width: 519px) 100vw, 519px\" \/><\/figure><\/div>\n\n\n\n<h4>Vous avez un r\u00e9flex mais vous n&rsquo;obtenez pas les photos que vous souhaitez&nbsp;?<\/h4>\n\n\n\n<h4>Vous n&rsquo;osez pas quitter le mode \u00ab&nbsp;tout-auto&nbsp;\u00bb&nbsp;?<\/h4>\n\n\n\n<h4>Ce stage est fait pour vous aider&nbsp;!<\/h4>\n\n\n\n<p>En effet, cet atelier s\u2019adresse aux d\u00e9butants \u00e9quip\u00e9s d\u2019un appareil reflex souhaitant progresser en photographie. Gr\u00e2ce \u00e0 des explications th\u00e9oriques simples et une sortie sur le terrain, vous apprendrez les bases de la photographie et serez en mesure de comprendre le fonctionnement de votre appareil pour obtenir de meilleures photos. Tout au long de la journ\u00e9e, vous serez guid\u00e9 pour faire les bons choix et enfin r\u00e9ussir \u00e0 quitter le mode \u00ab&nbsp;tout automatique&nbsp;\u00bb. Astuces, conseils, analyse de vos images seront \u00e9galement au programme. A la fin de la formation, vous comprendrez comment fonctionne votre appareil et vous serez capable de faire les bons choix, pour obtenir enfin les photos dont vous avez envie.<\/p>\n\n\n\n<h4>De tr\u00e8s nombreux stagiaires ont d\u00e9j\u00e0 pu suivre cette formation durant les \u00e9ditions 2015, 2016, 2017, 2018, 2019 et 2020 du festival photographique de Moncoutant-sur-S\u00e8vre !<\/h4>\n\n\n<div class=\"toggle-group\">\n<div class=\"toggle\">\n<h4>Avis d&rsquo;Adeline &#8211; Stagiaire 2017<\/h4>\n<div class=\"toggle-content\">\n<p>Ce stage photo est une vraie bonne id\u00e9e pour tous les amateurs qui souhaitent apprendre les bases du cadrage et les multiples fonctions de leur appareil !<\/p>\n<p>j&rsquo;ai fait ce stage en septembre 2017 pour me convaincre que \u00e7a valait encore la peine de garder un reflex lourd et encombrant alors que mon t\u00e9l\u00e9phone portable toujours \u00e0 port\u00e9e de main fait de tr\u00e8s beaux souvenirs&#8230;<\/p>\n<p>J&rsquo;ai d\u00e9couvert toutes les possibilit\u00e9s de mon appareil, je me suis pr\u00eat\u00e9e au jeu des exp\u00e9riences et des exercices propos\u00e9s, j&rsquo;ai \u00e9t\u00e9 \u00e9tonn\u00e9e de la rapidit\u00e9 avec laquelle on peut ma\u00eetriser des techniques de professionnels gr\u00e2ce \u00e0 quelques astuces.<\/p>\n<p>J&rsquo;ai pris plaisir \u00e0 r\u00e9gler moi-m\u00eame l&rsquo;appareil pour obtenir l&rsquo;effet que je cherchais, et j&rsquo;en \u00e9tais fi\u00e8re! C&rsquo;est plus stimulant de capter exactement la lumi\u00e8re souhait\u00e9e que d&rsquo;ajouter un filtre \u00ab\u00a0effet printemps\u00a0\u00bb sur une photo sombre!<\/p>\n<p>Depuis ce stage, mes photos ne sont plus dues au hasard, merci!<\/p>\n<\/div>\n<\/div>\n<\/div>\n\n\n<div class=\"toggle-group\">\n<div class=\"toggle\">\n<h4>Avis de Fr\u00e9d\u00e9ric &#8211; Stagiaire 2016<\/h4>\n<div class=\"toggle-content\">\n<p>J&rsquo;ai utilis\u00e9 un reflex Canon en mode automatique pendant plusieurs ann\u00e9es. Fin 2016, j&rsquo;ai d\u00e9cid\u00e9 d&rsquo;acheter des livres techniques et des revues pour m&rsquo;am\u00e9liorer. Moi aussi je voulais que mes photos ressemblent \u00e0 quelque chose ! Plusieurs mois de lecture &#8230; pour tr\u00e8s peu de r\u00e9sultats. Tout cela me semblait bien trop complexe et j&rsquo;avais vraiment du mal \u00e0 m&rsquo;y retrouver. En juin dernier, je me suis donc inscris pour participer \u00e0 ce stage. Une journ\u00e9e qui m&rsquo;a permis en quelques heures de passer au mode manuel et de comprendre les r\u00e9glages selon les situations. Au sein d&rsquo;un petit groupe sympathique et dans un cadre tr\u00e8s convivial, j&rsquo;ai appr\u00e9ci\u00e9 ce stage. Aucun regret ! Je conseille ce stage \u00e0 tous les d\u00e9butants qui veulent passer du A au M. Et petit \u00e0 petit, mes photos s\u2019am\u00e9liorent. Un grand merci \u00e0 Thierry \ud83d\ude42<\/p>\n<\/div>\n<\/div>\n<\/div>\n\n\n\n<figure class=\"wp-block-embed is-type-video is-provider-youtube wp-block-embed-youtube wp-embed-aspect-16-9 wp-has-aspect-ratio\"><div class=\"wp-block-embed__wrapper\">\n<iframe title=\"stage photo Festival Photo Moncoutant sur S\u00e8vre\" width=\"740\" height=\"416\" src=\"https:\/\/www.youtube.com\/embed\/D3A8JpMQfY0?feature=oembed\" frameborder=\"0\" allow=\"accelerometer; autoplay; clipboard-write; encrypted-media; gyroscope; picture-in-picture\" allowfullscreen><\/iframe>\n<\/div><\/figure>\n\n\n\n<p><\/p>\n","protected":false},"excerpt":{"rendered":"<p>Sublimez vos photos Nouveaut\u00e9 2021 Dur\u00e9e: 7 heures samedi 25 septembre 2021 &#8211; 9h\/17h Le stage :Stage de perfectionnement, pour les personnes qui connaissent d\u00e9j\u00e0 les bases de la photographie et qui ont pass\u00e9 le cap du mode automatique.Cette journ\u00e9e peut tout \u00e0 fait \u00eatre suivie \u00e0 la suite de celle du 3 juillet. Le&#8230; <span class=\"more\"><a class=\"more-link\" href=\"https:\/\/thierry-bonnaudet.com\/?page_id=2278\">Read More<\/a><\/span><\/p>\n","protected":false},"author":1,"featured_media":0,"parent":0,"menu_order":0,"comment_status":"closed","ping_status":"closed","template":"","meta":[],"_links":{"self":[{"href":"https:\/\/thierry-bonnaudet.com\/index.php?rest_route=\/wp\/v2\/pages\/2278"}],"collection":[{"href":"https:\/\/thierry-bonnaudet.com\/index.php?rest_route=\/wp\/v2\/pages"}],"about":[{"href":"https:\/\/thierry-bonnaudet.com\/index.php?rest_route=\/wp\/v2\/types\/page"}],"author":[{"embeddable":true,"href":"https:\/\/thierry-bonnaudet.com\/index.php?rest_route=\/wp\/v2\/users\/1"}],"replies":[{"embeddable":true,"href":"https:\/\/thierry-bonnaudet.com\/index.php?rest_route=%2Fwp%2Fv2%2Fcomments&post=2278"}],"version-history":[{"count":38,"href":"https:\/\/thierry-bonnaudet.com\/index.php?rest_route=\/wp\/v2\/pages\/2278\/revisions"}],"predecessor-version":[{"id":3234,"href":"https:\/\/thierry-bonnaudet.com\/index.php?rest_route=\/wp\/v2\/pages\/2278\/revisions\/3234"}],"wp:attachment":[{"href":"https:\/\/thierry-bonnaudet.com\/index.php?rest_route=%2Fwp%2Fv2%2Fmedia&parent=2278"}],"curies":[{"name":"wp","href":"https:\/\/api.w.org\/{rel}","templated":true}]}}

<h2><h2 class="section-title "></h2></h2>



<h2 class="has-text-align-center"><strong>Sublimez vos photos</strong></h2>



<h2 class="has-text-align-center">Nouveauté 2021</h2>



<p class="has-text-align-center">Durée: 7 heures</p>



<p>samedi 25 septembre 2021 &#8211; 9h/17h</p>



<p>Le stage :<br>Stage de perfectionnement, pour les personnes qui connaissent déjà les bases de la photographie et qui ont passé le cap du mode automatique.<br>Cette journée peut tout à fait être suivie à la suite de celle du 3 juillet.<br><br>Le matin, 9h/12h30:&nbsp; balade photo nature. Rappel de notions de base si nécessaire puis apport de notions plus avancées, en termes de technique photographique mais aussi de composition.<br>L’après-midi, 13h30/17h:&nbsp; critique photo prises le matin et atelier post-traitement, en salle.</p>



<p><br>Tarif : 50€/personne<br>10 personnes maximum<br><br>Condition : Etre possesseur d’un appareil type réflex ou hybride, d’un ordinateur portable avec le logiciel Lightroom installé (version d’essai 6 jours disponible sur&nbsp;<a href="https://www.adobe.com/fr/products/photoshop-lightroom-classic.html" target="_blank" rel="noreferrer noopener">https://www.adobe.com/fr/products/photoshop-lightroom-classic.html</a></p>



<p><strong>Pour plus d&rsquo;informations ou pour vous inscrire</strong></p>



<p><strong>Envoyez un mail à <a href="mailto:stagephotomoncoutant@gmail.com">stagephotomoncoutant@gmail.com</a></strong></p>



<h2><h2 class="section-title "></h2></h2>



<h2 class="has-text-align-center"><strong>M</strong>aîtriser son <strong>A</strong>ppareil <strong>P</strong>hoto &#8211; Festivals</h2>



<p class="has-text-align-center">Durée: 7 heures</p>



<h2><h2 class="section-title "></h2></h2>



<div class="wp-block-image"><figure class="aligncenter"><img loading="lazy" width="519" height="804" src="https://thierry-bonnaudet.com/wp-content/uploads/2021/07/image.jpg" alt="" class="wp-image-3229" srcset="https://thierry-bonnaudet.com/wp-content/uploads/2021/07/image.jpg 519w, https://thierry-bonnaudet.com/wp-content/uploads/2021/07/image-194x300.jpg 194w, https://thierry-bonnaudet.com/wp-content/uploads/2021/07/image-258x400.jpg 258w, https://thierry-bonnaudet.com/wp-content/uploads/2021/07/image-300x465.jpg 300w" sizes="(max-width: 519px) 100vw, 519px" /></figure></div>



<h4>Vous avez un réflex mais vous n&rsquo;obtenez pas les photos que vous souhaitez&nbsp;?</h4>



<h4>Vous n&rsquo;osez pas quitter le mode «&nbsp;tout-auto&nbsp;»&nbsp;?</h4>



<h4>Ce stage est fait pour vous aider&nbsp;!</h4>



<p>En effet, cet atelier s’adresse aux débutants équipés d’un appareil reflex souhaitant progresser en photographie. Grâce à des explications théoriques simples et une sortie sur le terrain, vous apprendrez les bases de la photographie et serez en mesure de comprendre le fonctionnement de votre appareil pour obtenir de meilleures photos. Tout au long de la journée, vous serez guidé pour faire les bons choix et enfin réussir à quitter le mode «&nbsp;tout automatique&nbsp;». Astuces, conseils, analyse de vos images seront également au programme. A la fin de la formation, vous comprendrez comment fonctionne votre appareil et vous serez capable de faire les bons choix, pour obtenir enfin les photos dont vous avez envie.</p>



<h4>De très nombreux stagiaires ont déjà pu suivre cette formation durant les éditions 2015, 2016, 2017, 2018, 2019 et 2020 du festival photographique de Moncoutant-sur-Sèvre !</h4>


<div class="toggle-group">
<div class="toggle">
<h4>Avis d&rsquo;Adeline &#8211; Stagiaire 2017</h4>
<div class="toggle-content">
<p>Ce stage photo est une vraie bonne idée pour tous les amateurs qui souhaitent apprendre les bases du cadrage et les multiples fonctions de leur appareil !</p>
<p>j&rsquo;ai fait ce stage en septembre 2017 pour me convaincre que ça valait encore la peine de garder un reflex lourd et encombrant alors que mon téléphone portable toujours à portée de main fait de très beaux souvenirs&#8230;</p>
<p>J&rsquo;ai découvert toutes les possibilités de mon appareil, je me suis prêtée au jeu des expériences et des exercices proposés, j&rsquo;ai été étonnée de la rapidité avec laquelle on peut maîtriser des techniques de professionnels grâce à quelques astuces.</p>
<p>J&rsquo;ai pris plaisir à régler moi-même l&rsquo;appareil pour obtenir l&rsquo;effet que je cherchais, et j&rsquo;en étais fière! C&rsquo;est plus stimulant de capter exactement la lumière souhaitée que d&rsquo;ajouter un filtre « effet printemps » sur une photo sombre!</p>
<p>Depuis ce stage, mes photos ne sont plus dues au hasard, merci!</p>
</div>
</div>
</div>


<div class="toggle-group">
<div class="toggle">
<h4>Avis de Frédéric &#8211; Stagiaire 2016</h4>
<div class="toggle-content">
<p>J&rsquo;ai utilisé un reflex Canon en mode automatique pendant plusieurs années. Fin 2016, j&rsquo;ai décidé d&rsquo;acheter des livres techniques et des revues pour m&rsquo;améliorer. Moi aussi je voulais que mes photos ressemblent à quelque chose ! Plusieurs mois de lecture &#8230; pour très peu de résultats. Tout cela me semblait bien trop complexe et j&rsquo;avais vraiment du mal à m&rsquo;y retrouver. En juin dernier, je me suis donc inscris pour participer à ce stage. Une journée qui m&rsquo;a permis en quelques heures de passer au mode manuel et de comprendre les réglages selon les situations. Au sein d&rsquo;un petit groupe sympathique et dans un cadre très convivial, j&rsquo;ai apprécié ce stage. Aucun regret ! Je conseille ce stage à tous les débutants qui veulent passer du A au M. Et petit à petit, mes photos s’améliorent. Un grand merci à Thierry 🙂</p>
</div>
</div>
</div>



<figure class="wp-block-embed is-type-video is-provider-youtube wp-block-embed-youtube wp-embed-aspect-16-9 wp-has-aspect-ratio"><div class="wp-block-embed__wrapper">
<iframe title="stage photo Festival Photo Moncoutant sur Sèvre" width="740" height="416" src="https://www.youtube.com/embed/D3A8JpMQfY0?feature=oembed" frameborder="0" allow="accelerometer; autoplay; clipboard-write; encrypted-media; gyroscope; picture-in-picture" allowfullscreen></iframe>
</div></figure>



<p></p>

<p>Sublimez vos photos Nouveauté 2021 Durée: 7 heures samedi 25 septembre 2021 &#8211; 9h/17h Le stage :Stage de perfectionnement, pour les personnes qui connaissent déjà les bases de la photographie et qui ont passé le cap du mode automatique.Cette journée peut tout à fait être suivie à la suite de celle du 3 juillet. Le&#8230; <span class="more"><a class="more-link" href="https://thierry-bonnaudet.com/?page_id=2278">Read More</a></span></p>
