{"id":3384,"date":"2023-02-10T17:41:00","date_gmt":"2023-02-10T16:41:00","guid":{"rendered":"https:\/\/thierry-bonnaudet.com\/?page_id=3384"},"modified":"2023-02-10T17:41:01","modified_gmt":"2023-02-10T16:41:01","slug":"professionnels","status":"publish","type":"page","link":"https:\/\/thierry-bonnaudet.com\/?page_id=3384","title":{"rendered":"Professionnels"},"content":{"rendered":"\n<p>Vous \u00eates<\/p>\n\n\n\n<ul class=\"has-background\" style=\"background-color:#faf0ee\"><li>artisan<\/li><li>commer\u00e7ant<\/li><li>dans le secteur de l&rsquo;industrie<\/li><li>dans le secteur de l&rsquo;h\u00f4tellerie, de la restauration<\/li><li>dans le secteur du bien-\u00eatre (chambre d&rsquo;h\u00f4tes, spa, institut, salle de sport, coach sportif), <\/li><li>dans le domaine associatif, culturel, du patrimoine<\/li><li>Autre domaine &#8230;<\/li><\/ul>\n\n\n\n<p>Je vous propose une prestation photo pour mettre en avant vos produits, votre \u00e9tablissement, vos salari\u00e9s, vos clients, vos savoir-faire !<\/p>\n\n\n\n<p class=\"has-text-align-center has-medium-font-size\"><strong>Tarif: sur devis<\/strong> <\/p>\n\n\n\n<p class=\"has-text-align-center has-normal-font-size\">N&rsquo;h\u00e9sitez pas \u00e0 me contacter via le formulaire de contact du site ou au 0687305539<\/p>\n\n\n\n<div style=\"height:100px\" aria-hidden=\"true\" class=\"wp-block-spacer\"><\/div>\n\n\n\n<figure class=\"wp-block-gallery columns-3 is-cropped\"><ul class=\"blocks-gallery-grid\"><li class=\"blocks-gallery-item\"><figure><img loading=\"lazy\" width=\"1024\" height=\"683\" src=\"https:\/\/thierry-bonnaudet.com\/wp-content\/uploads\/2023\/02\/homme-fort-entrainement-copie-1024x683.jpg\" alt=\"\" data-id=\"3391\" data-full-url=\"https:\/\/thierry-bonnaudet.com\/wp-content\/uploads\/2023\/02\/homme-fort-entrainement-copie-scaled.jpg\" data-link=\"https:\/\/thierry-bonnaudet.com\/?attachment_id=3391\" class=\"wp-image-3391\" srcset=\"https:\/\/thierry-bonnaudet.com\/wp-content\/uploads\/2023\/02\/homme-fort-entrainement-copie-1024x683.jpg 1024w, https:\/\/thierry-bonnaudet.com\/wp-content\/uploads\/2023\/02\/homme-fort-entrainement-copie-300x200.jpg 300w, https:\/\/thierry-bonnaudet.com\/wp-content\/uploads\/2023\/02\/homme-fort-entrainement-copie-768x512.jpg 768w, https:\/\/thierry-bonnaudet.com\/wp-content\/uploads\/2023\/02\/homme-fort-entrainement-copie-1536x1024.jpg 1536w, https:\/\/thierry-bonnaudet.com\/wp-content\/uploads\/2023\/02\/homme-fort-entrainement-copie-2048x1366.jpg 2048w, https:\/\/thierry-bonnaudet.com\/wp-content\/uploads\/2023\/02\/homme-fort-entrainement-copie-760x507.jpg 760w, https:\/\/thierry-bonnaudet.com\/wp-content\/uploads\/2023\/02\/homme-fort-entrainement-copie-600x400.jpg 600w, https:\/\/thierry-bonnaudet.com\/wp-content\/uploads\/2023\/02\/homme-fort-entrainement-copie-1920x1280.jpg 1920w, https:\/\/thierry-bonnaudet.com\/wp-content\/uploads\/2023\/02\/homme-fort-entrainement-copie-1620x1080.jpg 1620w, https:\/\/thierry-bonnaudet.com\/wp-content\/uploads\/2023\/02\/homme-fort-entrainement-copie-1400x933.jpg 1400w\" sizes=\"(max-width: 1024px) 100vw, 1024px\" \/><\/figure><\/li><li class=\"blocks-gallery-item\"><figure><img loading=\"lazy\" width=\"1024\" height=\"683\" src=\"https:\/\/thierry-bonnaudet.com\/wp-content\/uploads\/2023\/02\/food-preparation-gb00a87073_1920-1024x683.jpg\" alt=\"\" data-id=\"3392\" data-full-url=\"https:\/\/thierry-bonnaudet.com\/wp-content\/uploads\/2023\/02\/food-preparation-gb00a87073_1920.jpg\" data-link=\"https:\/\/thierry-bonnaudet.com\/?attachment_id=3392\" class=\"wp-image-3392\" srcset=\"https:\/\/thierry-bonnaudet.com\/wp-content\/uploads\/2023\/02\/food-preparation-gb00a87073_1920-1024x683.jpg 1024w, https:\/\/thierry-bonnaudet.com\/wp-content\/uploads\/2023\/02\/food-preparation-gb00a87073_1920-300x200.jpg 300w, https:\/\/thierry-bonnaudet.com\/wp-content\/uploads\/2023\/02\/food-preparation-gb00a87073_1920-768x512.jpg 768w, https:\/\/thierry-bonnaudet.com\/wp-content\/uploads\/2023\/02\/food-preparation-gb00a87073_1920-1536x1024.jpg 1536w, https:\/\/thierry-bonnaudet.com\/wp-content\/uploads\/2023\/02\/food-preparation-gb00a87073_1920-760x507.jpg 760w, https:\/\/thierry-bonnaudet.com\/wp-content\/uploads\/2023\/02\/food-preparation-gb00a87073_1920-600x400.jpg 600w, https:\/\/thierry-bonnaudet.com\/wp-content\/uploads\/2023\/02\/food-preparation-gb00a87073_1920-1620x1080.jpg 1620w, https:\/\/thierry-bonnaudet.com\/wp-content\/uploads\/2023\/02\/food-preparation-gb00a87073_1920-1400x933.jpg 1400w, https:\/\/thierry-bonnaudet.com\/wp-content\/uploads\/2023\/02\/food-preparation-gb00a87073_1920.jpg 1920w\" sizes=\"(max-width: 1024px) 100vw, 1024px\" \/><\/figure><\/li><li class=\"blocks-gallery-item\"><figure><img loading=\"lazy\" width=\"1024\" height=\"684\" src=\"https:\/\/thierry-bonnaudet.com\/wp-content\/uploads\/2023\/02\/wines-gdc3445ca3_1920-1024x684.jpg\" alt=\"\" data-id=\"3393\" data-full-url=\"https:\/\/thierry-bonnaudet.com\/wp-content\/uploads\/2023\/02\/wines-gdc3445ca3_1920.jpg\" data-link=\"https:\/\/thierry-bonnaudet.com\/?attachment_id=3393\" class=\"wp-image-3393\" srcset=\"https:\/\/thierry-bonnaudet.com\/wp-content\/uploads\/2023\/02\/wines-gdc3445ca3_1920-1024x684.jpg 1024w, https:\/\/thierry-bonnaudet.com\/wp-content\/uploads\/2023\/02\/wines-gdc3445ca3_1920-300x200.jpg 300w, https:\/\/thierry-bonnaudet.com\/wp-content\/uploads\/2023\/02\/wines-gdc3445ca3_1920-768x513.jpg 768w, https:\/\/thierry-bonnaudet.com\/wp-content\/uploads\/2023\/02\/wines-gdc3445ca3_1920-1536x1026.jpg 1536w, https:\/\/thierry-bonnaudet.com\/wp-content\/uploads\/2023\/02\/wines-gdc3445ca3_1920-760x507.jpg 760w, https:\/\/thierry-bonnaudet.com\/wp-content\/uploads\/2023\/02\/wines-gdc3445ca3_1920-599x400.jpg 599w, https:\/\/thierry-bonnaudet.com\/wp-content\/uploads\/2023\/02\/wines-gdc3445ca3_1920-1617x1080.jpg 1617w, https:\/\/thierry-bonnaudet.com\/wp-content\/uploads\/2023\/02\/wines-gdc3445ca3_1920-1400x935.jpg 1400w, https:\/\/thierry-bonnaudet.com\/wp-content\/uploads\/2023\/02\/wines-gdc3445ca3_1920-600x401.jpg 600w, https:\/\/thierry-bonnaudet.com\/wp-content\/uploads\/2023\/02\/wines-gdc3445ca3_1920.jpg 1920w\" sizes=\"(max-width: 1024px) 100vw, 1024px\" \/><\/figure><\/li><li class=\"blocks-gallery-item\"><figure><img loading=\"lazy\" width=\"1024\" height=\"683\" src=\"https:\/\/thierry-bonnaudet.com\/wp-content\/uploads\/2023\/02\/DSC1831-1024x683.jpg\" alt=\"\" data-id=\"3394\" data-full-url=\"https:\/\/thierry-bonnaudet.com\/wp-content\/uploads\/2023\/02\/DSC1831.jpg\" data-link=\"https:\/\/thierry-bonnaudet.com\/?attachment_id=3394\" class=\"wp-image-3394\" srcset=\"https:\/\/thierry-bonnaudet.com\/wp-content\/uploads\/2023\/02\/DSC1831-1024x683.jpg 1024w, https:\/\/thierry-bonnaudet.com\/wp-content\/uploads\/2023\/02\/DSC1831-300x200.jpg 300w, https:\/\/thierry-bonnaudet.com\/wp-content\/uploads\/2023\/02\/DSC1831-768x512.jpg 768w, https:\/\/thierry-bonnaudet.com\/wp-content\/uploads\/2023\/02\/DSC1831-1536x1024.jpg 1536w, https:\/\/thierry-bonnaudet.com\/wp-content\/uploads\/2023\/02\/DSC1831-760x507.jpg 760w, https:\/\/thierry-bonnaudet.com\/wp-content\/uploads\/2023\/02\/DSC1831-600x400.jpg 600w, https:\/\/thierry-bonnaudet.com\/wp-content\/uploads\/2023\/02\/DSC1831-1620x1080.jpg 1620w, https:\/\/thierry-bonnaudet.com\/wp-content\/uploads\/2023\/02\/DSC1831-1400x933.jpg 1400w, https:\/\/thierry-bonnaudet.com\/wp-content\/uploads\/2023\/02\/DSC1831.jpg 1920w\" sizes=\"(max-width: 1024px) 100vw, 1024px\" \/><\/figure><\/li><li class=\"blocks-gallery-item\"><figure><img loading=\"lazy\" width=\"1024\" height=\"683\" src=\"https:\/\/thierry-bonnaudet.com\/wp-content\/uploads\/2023\/02\/travailleur-du-bois-verifiant-piece-cadre-tout-travaillant-atelier-menuiserie-copie-1024x683.jpg\" alt=\"\" data-id=\"3395\" data-full-url=\"https:\/\/thierry-bonnaudet.com\/wp-content\/uploads\/2023\/02\/travailleur-du-bois-verifiant-piece-cadre-tout-travaillant-atelier-menuiserie-copie-scaled.jpg\" data-link=\"https:\/\/thierry-bonnaudet.com\/?attachment_id=3395\" class=\"wp-image-3395\" srcset=\"https:\/\/thierry-bonnaudet.com\/wp-content\/uploads\/2023\/02\/travailleur-du-bois-verifiant-piece-cadre-tout-travaillant-atelier-menuiserie-copie-1024x683.jpg 1024w, https:\/\/thierry-bonnaudet.com\/wp-content\/uploads\/2023\/02\/travailleur-du-bois-verifiant-piece-cadre-tout-travaillant-atelier-menuiserie-copie-300x200.jpg 300w, https:\/\/thierry-bonnaudet.com\/wp-content\/uploads\/2023\/02\/travailleur-du-bois-verifiant-piece-cadre-tout-travaillant-atelier-menuiserie-copie-768x512.jpg 768w, https:\/\/thierry-bonnaudet.com\/wp-content\/uploads\/2023\/02\/travailleur-du-bois-verifiant-piece-cadre-tout-travaillant-atelier-menuiserie-copie-1536x1024.jpg 1536w, https:\/\/thierry-bonnaudet.com\/wp-content\/uploads\/2023\/02\/travailleur-du-bois-verifiant-piece-cadre-tout-travaillant-atelier-menuiserie-copie-2048x1365.jpg 2048w, https:\/\/thierry-bonnaudet.com\/wp-content\/uploads\/2023\/02\/travailleur-du-bois-verifiant-piece-cadre-tout-travaillant-atelier-menuiserie-copie-760x507.jpg 760w, https:\/\/thierry-bonnaudet.com\/wp-content\/uploads\/2023\/02\/travailleur-du-bois-verifiant-piece-cadre-tout-travaillant-atelier-menuiserie-copie-600x400.jpg 600w, https:\/\/thierry-bonnaudet.com\/wp-content\/uploads\/2023\/02\/travailleur-du-bois-verifiant-piece-cadre-tout-travaillant-atelier-menuiserie-copie-1920x1280.jpg 1920w, https:\/\/thierry-bonnaudet.com\/wp-content\/uploads\/2023\/02\/travailleur-du-bois-verifiant-piece-cadre-tout-travaillant-atelier-menuiserie-copie-1620x1080.jpg 1620w, https:\/\/thierry-bonnaudet.com\/wp-content\/uploads\/2023\/02\/travailleur-du-bois-verifiant-piece-cadre-tout-travaillant-atelier-menuiserie-copie-1400x933.jpg 1400w\" sizes=\"(max-width: 1024px) 100vw, 1024px\" \/><\/figure><\/li><li class=\"blocks-gallery-item\"><figure><img loading=\"lazy\" width=\"1024\" height=\"772\" src=\"https:\/\/thierry-bonnaudet.com\/wp-content\/uploads\/2023\/02\/Hip-Hop-Mozart-1024x772.jpg\" alt=\"\" data-id=\"3388\" data-full-url=\"https:\/\/thierry-bonnaudet.com\/wp-content\/uploads\/2023\/02\/Hip-Hop-Mozart-scaled.jpg\" data-link=\"https:\/\/thierry-bonnaudet.com\/?attachment_id=3388\" class=\"wp-image-3388\" srcset=\"https:\/\/thierry-bonnaudet.com\/wp-content\/uploads\/2023\/02\/Hip-Hop-Mozart-1024x772.jpg 1024w, https:\/\/thierry-bonnaudet.com\/wp-content\/uploads\/2023\/02\/Hip-Hop-Mozart-300x226.jpg 300w, https:\/\/thierry-bonnaudet.com\/wp-content\/uploads\/2023\/02\/Hip-Hop-Mozart-768x579.jpg 768w, https:\/\/thierry-bonnaudet.com\/wp-content\/uploads\/2023\/02\/Hip-Hop-Mozart-1536x1158.jpg 1536w, https:\/\/thierry-bonnaudet.com\/wp-content\/uploads\/2023\/02\/Hip-Hop-Mozart-2048x1544.jpg 2048w, https:\/\/thierry-bonnaudet.com\/wp-content\/uploads\/2023\/02\/Hip-Hop-Mozart-530x400.jpg 530w, https:\/\/thierry-bonnaudet.com\/wp-content\/uploads\/2023\/02\/Hip-Hop-Mozart-1920x1448.jpg 1920w, https:\/\/thierry-bonnaudet.com\/wp-content\/uploads\/2023\/02\/Hip-Hop-Mozart-1432x1080.jpg 1432w, https:\/\/thierry-bonnaudet.com\/wp-content\/uploads\/2023\/02\/Hip-Hop-Mozart-1400x1056.jpg 1400w, https:\/\/thierry-bonnaudet.com\/wp-content\/uploads\/2023\/02\/Hip-Hop-Mozart-600x452.jpg 600w\" sizes=\"(max-width: 1024px) 100vw, 1024px\" \/><\/figure><\/li><li class=\"blocks-gallery-item\"><figure><img loading=\"lazy\" width=\"1024\" height=\"768\" src=\"https:\/\/thierry-bonnaudet.com\/wp-content\/uploads\/2023\/02\/forest-ga1fbe4a95_1920-1024x768.jpg\" alt=\"\" data-id=\"3385\" data-full-url=\"https:\/\/thierry-bonnaudet.com\/wp-content\/uploads\/2023\/02\/forest-ga1fbe4a95_1920.jpg\" data-link=\"https:\/\/thierry-bonnaudet.com\/?attachment_id=3385\" class=\"wp-image-3385\" srcset=\"https:\/\/thierry-bonnaudet.com\/wp-content\/uploads\/2023\/02\/forest-ga1fbe4a95_1920-1024x768.jpg 1024w, https:\/\/thierry-bonnaudet.com\/wp-content\/uploads\/2023\/02\/forest-ga1fbe4a95_1920-300x225.jpg 300w, https:\/\/thierry-bonnaudet.com\/wp-content\/uploads\/2023\/02\/forest-ga1fbe4a95_1920-768x576.jpg 768w, https:\/\/thierry-bonnaudet.com\/wp-content\/uploads\/2023\/02\/forest-ga1fbe4a95_1920-1536x1152.jpg 1536w, https:\/\/thierry-bonnaudet.com\/wp-content\/uploads\/2023\/02\/forest-ga1fbe4a95_1920-533x400.jpg 533w, https:\/\/thierry-bonnaudet.com\/wp-content\/uploads\/2023\/02\/forest-ga1fbe4a95_1920-1440x1080.jpg 1440w, https:\/\/thierry-bonnaudet.com\/wp-content\/uploads\/2023\/02\/forest-ga1fbe4a95_1920-1400x1050.jpg 1400w, https:\/\/thierry-bonnaudet.com\/wp-content\/uploads\/2023\/02\/forest-ga1fbe4a95_1920-600x450.jpg 600w, https:\/\/thierry-bonnaudet.com\/wp-content\/uploads\/2023\/02\/forest-ga1fbe4a95_1920.jpg 1920w\" sizes=\"(max-width: 1024px) 100vw, 1024px\" \/><\/figure><\/li><li class=\"blocks-gallery-item\"><figure><img loading=\"lazy\" width=\"1024\" height=\"683\" src=\"https:\/\/thierry-bonnaudet.com\/wp-content\/uploads\/2023\/02\/welder-gdaa86ad2e_1920-1024x683.jpg\" alt=\"\" data-id=\"3386\" data-full-url=\"https:\/\/thierry-bonnaudet.com\/wp-content\/uploads\/2023\/02\/welder-gdaa86ad2e_1920.jpg\" data-link=\"https:\/\/thierry-bonnaudet.com\/?attachment_id=3386\" class=\"wp-image-3386\" srcset=\"https:\/\/thierry-bonnaudet.com\/wp-content\/uploads\/2023\/02\/welder-gdaa86ad2e_1920-1024x683.jpg 1024w, https:\/\/thierry-bonnaudet.com\/wp-content\/uploads\/2023\/02\/welder-gdaa86ad2e_1920-300x200.jpg 300w, https:\/\/thierry-bonnaudet.com\/wp-content\/uploads\/2023\/02\/welder-gdaa86ad2e_1920-768x512.jpg 768w, https:\/\/thierry-bonnaudet.com\/wp-content\/uploads\/2023\/02\/welder-gdaa86ad2e_1920-1536x1024.jpg 1536w, https:\/\/thierry-bonnaudet.com\/wp-content\/uploads\/2023\/02\/welder-gdaa86ad2e_1920-760x507.jpg 760w, https:\/\/thierry-bonnaudet.com\/wp-content\/uploads\/2023\/02\/welder-gdaa86ad2e_1920-600x400.jpg 600w, https:\/\/thierry-bonnaudet.com\/wp-content\/uploads\/2023\/02\/welder-gdaa86ad2e_1920-1620x1080.jpg 1620w, https:\/\/thierry-bonnaudet.com\/wp-content\/uploads\/2023\/02\/welder-gdaa86ad2e_1920-1400x933.jpg 1400w, https:\/\/thierry-bonnaudet.com\/wp-content\/uploads\/2023\/02\/welder-gdaa86ad2e_1920.jpg 1920w\" sizes=\"(max-width: 1024px) 100vw, 1024px\" \/><\/figure><\/li><li class=\"blocks-gallery-item\"><figure><img loading=\"lazy\" width=\"1024\" height=\"676\" src=\"https:\/\/thierry-bonnaudet.com\/wp-content\/uploads\/2023\/02\/cosmetic-g9f8dbd4c3_1920-1-1024x676.jpg\" alt=\"\" data-id=\"3387\" data-full-url=\"https:\/\/thierry-bonnaudet.com\/wp-content\/uploads\/2023\/02\/cosmetic-g9f8dbd4c3_1920-1.jpg\" data-link=\"https:\/\/thierry-bonnaudet.com\/?attachment_id=3387\" class=\"wp-image-3387\" srcset=\"https:\/\/thierry-bonnaudet.com\/wp-content\/uploads\/2023\/02\/cosmetic-g9f8dbd4c3_1920-1-1024x676.jpg 1024w, https:\/\/thierry-bonnaudet.com\/wp-content\/uploads\/2023\/02\/cosmetic-g9f8dbd4c3_1920-1-300x198.jpg 300w, https:\/\/thierry-bonnaudet.com\/wp-content\/uploads\/2023\/02\/cosmetic-g9f8dbd4c3_1920-1-768x507.jpg 768w, https:\/\/thierry-bonnaudet.com\/wp-content\/uploads\/2023\/02\/cosmetic-g9f8dbd4c3_1920-1-1536x1014.jpg 1536w, https:\/\/thierry-bonnaudet.com\/wp-content\/uploads\/2023\/02\/cosmetic-g9f8dbd4c3_1920-1-606x400.jpg 606w, https:\/\/thierry-bonnaudet.com\/wp-content\/uploads\/2023\/02\/cosmetic-g9f8dbd4c3_1920-1-1635x1080.jpg 1635w, https:\/\/thierry-bonnaudet.com\/wp-content\/uploads\/2023\/02\/cosmetic-g9f8dbd4c3_1920-1-1400x925.jpg 1400w, https:\/\/thierry-bonnaudet.com\/wp-content\/uploads\/2023\/02\/cosmetic-g9f8dbd4c3_1920-1-600x396.jpg 600w, https:\/\/thierry-bonnaudet.com\/wp-content\/uploads\/2023\/02\/cosmetic-g9f8dbd4c3_1920-1.jpg 1920w\" sizes=\"(max-width: 1024px) 100vw, 1024px\" \/><\/figure><\/li><\/ul><\/figure>\n\n\n\n<div class=\"wp-block-group\"><div class=\"wp-block-group__inner-container\"><\/div><\/div>\n","protected":false},"excerpt":{"rendered":"<p>Vous \u00eates artisan commer\u00e7ant dans le secteur de l&rsquo;industrie dans le secteur de l&rsquo;h\u00f4tellerie, de la restauration dans le secteur du bien-\u00eatre (chambre d&rsquo;h\u00f4tes, spa, institut, salle de sport, coach sportif), dans le domaine associatif, culturel, du patrimoine Autre domaine &#8230; Je vous propose une prestation photo pour mettre en avant vos produits, votre \u00e9tablissement,&#8230; <span class=\"more\"><a class=\"more-link\" href=\"https:\/\/thierry-bonnaudet.com\/?page_id=3384\">Read More<\/a><\/span><\/p>\n","protected":false},"author":1,"featured_media":0,"parent":3353,"menu_order":0,"comment_status":"closed","ping_status":"closed","template":"template-medium_width_page.php","meta":[],"_links":{"self":[{"href":"https:\/\/thierry-bonnaudet.com\/index.php?rest_route=\/wp\/v2\/pages\/3384"}],"collection":[{"href":"https:\/\/thierry-bonnaudet.com\/index.php?rest_route=\/wp\/v2\/pages"}],"about":[{"href":"https:\/\/thierry-bonnaudet.com\/index.php?rest_route=\/wp\/v2\/types\/page"}],"author":[{"embeddable":true,"href":"https:\/\/thierry-bonnaudet.com\/index.php?rest_route=\/wp\/v2\/users\/1"}],"replies":[{"embeddable":true,"href":"https:\/\/thierry-bonnaudet.com\/index.php?rest_route=%2Fwp%2Fv2%2Fcomments&post=3384"}],"version-history":[{"count":6,"href":"https:\/\/thierry-bonnaudet.com\/index.php?rest_route=\/wp\/v2\/pages\/3384\/revisions"}],"predecessor-version":[{"id":3400,"href":"https:\/\/thierry-bonnaudet.com\/index.php?rest_route=\/wp\/v2\/pages\/3384\/revisions\/3400"}],"up":[{"embeddable":true,"href":"https:\/\/thierry-bonnaudet.com\/index.php?rest_route=\/wp\/v2\/pages\/3353"}],"wp:attachment":[{"href":"https:\/\/thierry-bonnaudet.com\/index.php?rest_route=%2Fwp%2Fv2%2Fmedia&parent=3384"}],"curies":[{"name":"wp","href":"https:\/\/api.w.org\/{rel}","templated":true}]}}